{"id":2895,"date":"2024-10-19T10:23:21","date_gmt":"2024-10-19T08:23:21","guid":{"rendered":"https:\/\/editionsecriplume.com\/?post_type=product&#038;p=2895"},"modified":"2025-05-29T08:53:15","modified_gmt":"2025-05-29T06:53:15","slug":"les-nuits-magiques-dhector-des-3-ans-version-ebook","status":"publish","type":"product","link":"https:\/\/editionsecriplume.com\/?product=les-nuits-magiques-dhector-des-3-ans-version-ebook","title":{"rendered":"Les nuits magiques d&#8217;Hector (D\u00e8s 3 ans) -Version ebook"},"content":{"rendered":"<p>Hector, le hibou, a un rythme bien diff\u00e9rent des autres animaux de la for\u00eat: il dort le jour et veille la nuit. Mais comment trouver le sommeil quand ses voisins passent leur temps \u00e0 jouer et \u00e0 s\u2019amuser d\u00e8s que le soleil se l\u00e8ve?<\/p>\n<p>Fatigu\u00e9 et frustr\u00e9, Hector cherche une solution pour leur faire comprendre son mode de vie\u2026 une id\u00e9e lumineuse commence \u00e0 germer dans son esprit.<\/p>\n<p>Une histoire pleine de malice o\u00f9 chacun apprend \u00e0 respecter les habitudes de l\u2019autre pour mieux vivre ensemble.<\/p>\n","protected":false},"excerpt":{"rendered":"<p>Hector, le hibou, a un rythme bien diff\u00e9rent des autres animaux de la for\u00eat: il dort le jour et veille la nuit. Mais comment trouver le sommeil quand ses voisins passent leur temps \u00e0 jouer et \u00e0 s\u2019amuser d\u00e8s que le soleil se l\u00e8ve? Fatigu\u00e9 et frustr\u00e9, Hector cherche une solution pour leur faire comprendre [&hellip;]<\/p>\n","protected":false},"featured_media":2905,"comment_status":"open","ping_status":"closed","template":"","meta":[],"product_brand":[],"product_cat":[158,35],"product_tag":[173,171,172],"class_list":{"0":"post-2895","1":"product","2":"type-product","3":"status-publish","4":"has-post-thumbnail","6":"product_cat-collection-les-petits-pas","7":"product_cat-livre-pour-enfants","8":"product_tag-hibou","9":"product_tag-les-nuits-magiques-dhector","10":"product_tag-parler-de-la-tolerance-aux-enfants","12":"first","13":"instock","14":"downloadable","15":"virtual","16":"purchasable","17":"product-type-simple"},"jetpack_sharing_enabled":true,"_links":{"self":[{"href":"https:\/\/editionsecriplume.com\/index.php?rest_route=\/wp\/v2\/product\/2895","targetHints":{"allow":["GET"]}}],"collection":[{"href":"https:\/\/editionsecriplume.com\/index.php?rest_route=\/wp\/v2\/product"}],"about":[{"href":"https:\/\/editionsecriplume.com\/index.php?rest_route=\/wp\/v2\/types\/product"}],"replies":[{"embeddable":true,"href":"https:\/\/editionsecriplume.com\/index.php?rest_route=%2Fwp%2Fv2%2Fcomments&post=2895"}],"version-history":[{"count":2,"href":"https:\/\/editionsecriplume.com\/index.php?rest_route=\/wp\/v2\/product\/2895\/revisions"}],"predecessor-version":[{"id":2901,"href":"https:\/\/editionsecriplume.com\/index.php?rest_route=\/wp\/v2\/product\/2895\/revisions\/2901"}],"wp:featuredmedia":[{"embeddable":true,"href":"https:\/\/editionsecriplume.com\/index.php?rest_route=\/wp\/v2\/media\/2905"}],"wp:attachment":[{"href":"https:\/\/editionsecriplume.com\/index.php?rest_route=%2Fwp%2Fv2%2Fmedia&parent=2895"}],"wp:term":[{"taxonomy":"product_brand","embeddable":true,"href":"https:\/\/editionsecriplume.com\/index.php?rest_route=%2Fwp%2Fv2%2Fproduct_brand&post=2895"},{"taxonomy":"product_cat","embeddable":true,"href":"https:\/\/editionsecriplume.com\/index.php?rest_route=%2Fwp%2Fv2%2Fproduct_cat&post=2895"},{"taxonomy":"product_tag","embeddable":true,"href":"https:\/\/editionsecriplume.com\/index.php?rest_route=%2Fwp%2Fv2%2Fproduct_tag&post=2895"}],"curies":[{"name":"wp","href":"https:\/\/api.w.org\/{rel}","templated":true}]}}