{"id":2439,"date":"2022-05-05T11:12:52","date_gmt":"2022-05-05T09:12:52","guid":{"rendered":"https:\/\/editionsecriplume.com\/?post_type=product&#038;p=2439"},"modified":"2025-04-11T19:57:36","modified_gmt":"2025-04-11T17:57:36","slug":"debout-jusquau-bout","status":"publish","type":"product","link":"https:\/\/editionsecriplume.com\/?product=debout-jusquau-bout","title":{"rendered":"Debout jusqu&#8217;au bout"},"content":{"rendered":"<p>Devenir proche-aidant de l&#8217;homme que vous aimez atteint d&#8217;une maladie d\u00e9g\u00e9n\u00e9rative, c&#8217;est ce qui est arriv\u00e9 \u00e0 Mich\u00e8le lorsque son conjoint Claude est tomb\u00e9 malade et a d\u00fb \u00eatre plac\u00e9. Loin de l&#8217;abandonner \u00e0 son sort, elle lui a ouvert les portes d&#8217;une vie nouvelle&#8230; Un t\u00e9moignage plein d&#8217;espoir.<\/p>\n","protected":false},"excerpt":{"rendered":"<p>Devenir proche-aidant de l&#8217;homme que vous aimez atteint d&#8217;une maladie d\u00e9g\u00e9n\u00e9rative, c&#8217;est ce qui est arriv\u00e9 \u00e0 Mich\u00e8le lorsque son conjoint Claude est tomb\u00e9 malade et a d\u00fb \u00eatre plac\u00e9. Loin de l&#8217;abandonner \u00e0 son sort, elle lui a ouvert les portes d&#8217;une vie nouvelle&#8230; Un t\u00e9moignage plein d&#8217;espoir.<\/p>\n","protected":false},"featured_media":2443,"comment_status":"open","ping_status":"closed","template":"","meta":[],"product_brand":[],"product_cat":[128],"product_tag":[129],"class_list":{"0":"post-2439","1":"product","2":"type-product","3":"status-publish","4":"has-post-thumbnail","6":"product_cat-temoignages","7":"product_tag-debout-jusquau-bout","9":"first","10":"instock","11":"shipping-taxable","12":"purchasable","13":"product-type-simple"},"jetpack_sharing_enabled":true,"_links":{"self":[{"href":"https:\/\/editionsecriplume.com\/index.php?rest_route=\/wp\/v2\/product\/2439","targetHints":{"allow":["GET"]}}],"collection":[{"href":"https:\/\/editionsecriplume.com\/index.php?rest_route=\/wp\/v2\/product"}],"about":[{"href":"https:\/\/editionsecriplume.com\/index.php?rest_route=\/wp\/v2\/types\/product"}],"replies":[{"embeddable":true,"href":"https:\/\/editionsecriplume.com\/index.php?rest_route=%2Fwp%2Fv2%2Fcomments&post=2439"}],"version-history":[{"count":3,"href":"https:\/\/editionsecriplume.com\/index.php?rest_route=\/wp\/v2\/product\/2439\/revisions"}],"predecessor-version":[{"id":2600,"href":"https:\/\/editionsecriplume.com\/index.php?rest_route=\/wp\/v2\/product\/2439\/revisions\/2600"}],"wp:featuredmedia":[{"embeddable":true,"href":"https:\/\/editionsecriplume.com\/index.php?rest_route=\/wp\/v2\/media\/2443"}],"wp:attachment":[{"href":"https:\/\/editionsecriplume.com\/index.php?rest_route=%2Fwp%2Fv2%2Fmedia&parent=2439"}],"wp:term":[{"taxonomy":"product_brand","embeddable":true,"href":"https:\/\/editionsecriplume.com\/index.php?rest_route=%2Fwp%2Fv2%2Fproduct_brand&post=2439"},{"taxonomy":"product_cat","embeddable":true,"href":"https:\/\/editionsecriplume.com\/index.php?rest_route=%2Fwp%2Fv2%2Fproduct_cat&post=2439"},{"taxonomy":"product_tag","embeddable":true,"href":"https:\/\/editionsecriplume.com\/index.php?rest_route=%2Fwp%2Fv2%2Fproduct_tag&post=2439"}],"curies":[{"name":"wp","href":"https:\/\/api.w.org\/{rel}","templated":true}]}}